common factor of 22264 and 736.
184
Calculate the greatest common factor of 12888 and 261.
9
What is the highest common divisor of 1628 and 1681317?
407
What is the highest common factor of 46 and 60145?
23
What is the greatest common divisor of 1027 and 15678?
13
Calculate the highest common factor of 4998 and 630581.
833
Calculate the greatest common factor of 78760 and 770.
110
Calculate the highest common divisor of 248 and 613304.
248
Calculate the greatest common divisor of 1833 and 78663.
39
Calculate the greatest common divisor of 30338 and 1232.
154
Calculate the highest common factor of 85729 and 74.
37
What is the highest common factor of 1500 and 396375?
375
What is the highest common factor of 792 and 3343230?
198
Calculate the highest common factor of 11935 and 3045.
35
What is the highest common divisor of 3928519 and 1484?
371
What is the highest common factor of 495 and 32868?
99
What is the highest common divisor of 163605 and 39?
39
Calculate the highest common divisor of 12202297 and 41.
41
Calculate the greatest common factor of 150 and 36510.
30
What is the highest common divisor of 1083 and 102163?
361
Calculate the greatest common divisor of 1131 and 23403.
87
Calculate the greatest common divisor of 2124 and 3482829.
531
Calculate the greatest common divisor of 531 and 215811.
9
What is the greatest common divisor of 708 and 7012?
4
Calculate the highest common factor of 68125 and 2500.
625
What is the highest common factor of 5359 and 667?
23
What is the highest common divisor of 1630 and 1246298?
326
What is the greatest common divisor of 38 and 265126?
38
What is the highest common factor of 96 and 4446?
6
What is the greatest common factor of 152455 and 20?
5
Calculate the greatest common divisor of 195 and 3901885.
65
Calculate the greatest common divisor of 163073 and 521.
521
What is the greatest common factor of 3185 and 8575?
245
Calculate the greatest common divisor of 2108 and 272.
68
Calculate the highest common divisor of 494597 and 1079.
83
Calculate the highest common divisor of 1560 and 188448.
312
Calculate the greatest common divisor of 171 and 100149.
57
Calculate the highest common factor of 979 and 232463.
11
Calculate the greatest common factor of 115335 and 15.
15
Calculate the highest common factor of 6447332 and 82.
82
What is the greatest common factor of 421015 and 4707?
523
What is the highest common factor of 32227 and 19721?
481
What is the highest common factor of 2139 and 92?
23
What is the highest common factor of 54 and 578?
2
What is the greatest common divisor of 97664 and 8960?
896
What is the greatest common divisor of 961016 and 4?
4
Calculate the highest common divisor of 1888 and 4543.
59
What is the greatest common divisor of 156 and 3744?
156
Calculate the greatest common divisor of 34072 and 8.
8
Calculate the highest common divisor of 759258 and 72.
18
Calculate the highest common divisor of 3766 and 29358.
14
What is the greatest common factor of 986 and 32249?
17
What is the greatest common factor of 19368 and 3384?
72
What is the greatest common divisor of 2453 and 231?
11
Calculate the highest common divisor of 18 and 52254.
18
Calculate the greatest common factor of 25209 and 846.
9
What is the greatest common divisor of 48097 and 7?
7
What is the highest common divisor of 158 and 8401018?
158
Calculate the greatest common factor of 2 and 980377.
1
What is the highest common divisor of 181237 and 119?
119
Calculate the highest common divisor of 1324771 and 77.
7
Calculate the highest common factor of 9678 and 216.
6
What is the highest common factor of 70 and 202420?
10
Calculate the highest common divisor of 714 and 2562.
42
Calculate the greatest common divisor of 4928 and 33472.
64
What is the greatest common factor of 350 and 161?
7
Calculate the greatest common divisor of 1984 and 56128.
64
Calculate the highest common factor of 229853 and 364.
13
What is the highest common divisor of 63678 and 6?
6
Calculate the highest common divisor of 18 and 1791.
9
Calculate the highest common divisor of 8558 and 352.
22
What is the greatest common divisor of 93002 and 7644?
1274
Calculate the greatest common factor of 178 and 34366.
2
What is the highest common factor of 2025 and 545925?
75
What is the greatest common divisor of 182873 and 713?
23
What is the highest common factor of 36883 and 3080?
77
What is the greatest common divisor of 8 and 8728?
8
What is the greatest common divisor of 112 and 9646?
14
Calculate the greatest common divisor of 9321 and 3120.
39
What is the highest common factor of 88657 and 1?
1
Calculate the greatest common divisor of 13736 and 1010.
202
What is the highest common divisor of 6346 and 27778?
38
What is the highest common divisor of 150 and 6990?
30
What is the greatest common divisor of 37578 and 18?
6
What is the greatest common factor of 26 and 16991?
13
Calculate the greatest common divisor of 109 and 3907.
1
Calculate the greatest common factor of 50 and 134450.
50
What is the highest common divisor of 286284 and 12?
12
Calculate the greatest common divisor of 47822 and 2.
2
What is the highest common divisor of 22 and 147114?
22
Calculate the highest common factor of 183609 and 138.
69
Calculate the highest common divisor of 1 and 346961.
1
What is the highest common factor of 556584 and 42?
42
What is the highest common divisor of 3591 and 756?
189
Calculate the greatest common divisor of 1155 and 956025.
105
Calculate the greatest common factor of 965496 and 840.
168
What is the greatest common divisor of 500 and 78375?
125
Calculate the highest common divisor of 19006 and 6987.
17
What is the highest common divisor of 909 and 60282?
9
Calculate the highest common factor of 4351 and 2.
1
Calculate the greatest common factor of 12989 and 403.
31
Calculate the highest common factor of 6279 and 5152.
161
Calculate the greatest common factor of 1621874 and 86.
86
Calculate the highest common factor of 162032 and 234.
26
Calculate the highest common divisor of 758575 and 3325.
475
Calculate the greatest common divisor of 75 and 306675.
75
Calculate the highest common divisor of 30 and 239790.
30
What is the highest common factor of 162 and 105867?
81
What is the greatest common factor of 88 and 824?
8
What is the highest common divisor of 316 and 430550?
158
Calculate the greatest common factor of 32103 and 23229.
261
What is the greatest common factor of 160 and 28920?
40
Calculate the highest common divisor of 988023 and 34.
17
What is the highest common factor of 20351 and 31537?
47
Calculate the highest common factor of 1419784 and 56.
8
What is the highest common divisor of 1152 and 6876?
36
Calculate the highest common divisor of 2608 and 296.
8
Calculate the greatest common factor of 26360 and 5720.
40
What is the highest common factor of 3327 and 8?
1
What is the greatest common factor of 395 and 635?
5
Calculate the highest common divisor of 53562 and 1695.
339
What is the greatest common factor of 15457 and 5?
1
Calculate the highest common divisor of 3469 and 31.
1
Calculate the greatest common factor of 16055 and 6745.
95
What is the highest common factor of 90 and 340758?
18
What is the greatest common divisor of 184996 and 84?
28
Calculate the highest common factor of 12331 and 156409.
649
What is the greatest common factor of 12636 and 2673?
243
Calculate the highest common divisor of 65 and 263115.
5
Calculate the greatest common factor of 54 and 4833.
27
What is the highest common divisor of 265194 and 648?
162
Calculate the highest common factor of 1043928 and 537.
537
Calculate the highest common divisor of 19783 and 73.
73
What is the greatest common factor of 351 and 16416?
27
What is the highest common factor of 1421707 and 581?
581
Calculate the highest common divisor of 2163 and 826.
7
What is the greatest common factor of 38076 and 228?
228
Calculate the greatest common factor of 3306 and 1276.
58
What is the highest common divisor of 3749 and 48248?
163
Calculate the highest common divisor of 20 and 120580.
20
Calculate the greatest common divisor of 344365 and 105.
35
Calculate the greatest common divisor of 39098 and 34254.
346
What is the greatest common factor of 130 and 102310?
130
What is the great